d by 404180?
359
What is the remainder when 11112 is divided by 96?
72
Calculate the remainder when 341145934 is divided by 7636.
7634
Calculate the remainder when 97926 is divided by 1026.
456
What is the remainder when 224130 is divided by 1023?
93
Calculate the remainder when 742617 is divided by 185643.
45
Calculate the remainder when 1634763 is divided by 508.
19
Calculate the remainder when 1492273 is divided by 3807.
3736
Calculate the remainder when 650688 is divided by 86.
12
Calculate the remainder when 84147 is divided by 40818.
2511
What is the remainder when 93926 is divided by 4943?
9
Calculate the remainder when 3793063 is divided by 1264347.
22
Calculate the remainder when 36244406 is divided by 2370.
2366
Calculate the remainder when 100525 is divided by 16739.
91
Calculate the remainder when 601791 is divided by 5103.
4740
Calculate the remainder when 1691295 is divided by 2911.
4
Calculate the remainder when 138864028 is divided by 2683.
2680
Calculate the remainder when 7213142 is divided by 343482.
20
What is the remainder when 2947430 is divided by 1317?
1301
What is the remainder when 484270 is divided by 526?
350
What is the remainder when 339542 is divided by 56477?
680
What is the remainder when 16279 is divided by 45?
34
What is the remainder when 41467557 is divided by 8912?
21
Calculate the remainder when 30645045 is divided by 15322516.
13
Calculate the remainder when 58504059 is divided by 71.
59
What is the remainder when 192577 is divided by 1058?
21
Calculate the remainder when 2049376 is divided by 729.
157
What is the remainder when 255429 is divided by 986?
55
Calculate the remainder when 355167 is divided by 176576.
2015
Calculate the remainder when 17830228 is divided by 33.
31
Calculate the remainder when 1370549 is divided by 22841.
89
What is the remainder when 232551 is divided by 116008?
535
What is the remainder when 27131845 is divided by 1373?
1365
What is the remainder when 19716009 is divided by 6759?
6
Calculate the remainder when 27691321 is divided by 75.
46
What is the remainder when 20265543 is divided by 45?
18
What is the remainder when 13978724 is divided by 9581?
45
Calculate the remainder when 86767 is divided by 86476.
291
Calculate the remainder when 323012 is divided by 105515.
6467
What is the remainder when 100631 is divided by 499?
332
What is the remainder when 566386 is divided by 32?
18
Calculate the remainder when 212462 is divided by 4334.
96
Calculate the remainder when 1974343 is divided by 1868.
1735
Calculate the remainder when 7440 is divided by 3537.
366
What is the remainder when 451859 is divided by 30121?
44
What is the remainder when 18079296 is divided by 188326?
0
What is the remainder when 666425 is divided by 2515?
2465
What is the remainder when 4780328 is divided by 1593425?
53
What is the remainder when 5243154 is divided by 5?
4
What is the remainder when 3188182 is divided by 547?
266
Calculate the remainder when 161279354 is divided by 8234.
8230
Calculate the remainder when 21664828 is divided by 120359.
208
Calculate the remainder when 128670 is divided by 2484.
1986
What is the remainder when 426959 is divided by 8959?
5886
What is the remainder when 638166 is divided by 65?
61
Calculate the remainder when 30182158 is divided by 5631.
5629
Calculate the remainder when 131384 is divided by 4157.
2517
What is the remainder when 23097302 is divided by 3618?
3608
What is the remainder when 145150 is divided by 18130?
110
What is the remainder when 107382882 is divided by 71?
68
Calculate the remainder when 247096 is divided by 2187.
2152
What is the remainder when 10831948 is divided by 3610635?
43
Calculate the remainder when 20981139 is divided by 132792.
3
What is the remainder when 943586 is divided by 67391?
112
What is the remainder when 160081 is divided by 6918?
967
What is the remainder when 1316184 is divided by 657741?
702
What is the remainder when 31525 is divided by 7549?
1329
What is the remainder when 11785942 is divided by 17?
12
What is the remainder when 44069513 is divided by 485?
473
Calculate the remainder when 458430 is divided by 7.
0
What is the remainder when 8886 is divided by 4?
2
Calculate the remainder when 11742541 is divided by 176.
173
What is the remainder when 123868 is divided by 8228?
448
What is the remainder when 812333 is divided by 812312?
21
Calculate the remainder when 32611721 is divided by 27.
14
Calculate the remainder when 262837761 is divided by 189.
186
What is the remainder when 5251 is divided by 5162?
89
Calculate the remainder when 14779140 is divided by 5280.
420
Calculate the remainder when 14656215 is divided by 3121.
3120
Calculate the remainder when 41430551 is divided by 11.
8
Calculate the remainder when 19487001 is divided by 107.
54
What is the remainder when 368007 is divided by 141?
138
What is the remainder when 15093495 is divided by 14?
11
What is the remainder when 34596226 is divided by 10?
6
What is the remainder when 9683621 is divided by 4841810?
1
What is the remainder when 386478 is divided by 957?
807
What is the remainder when 26856175 is divided by 374?
357
What is the remainder when 378501 is divided by 188775?
951
What is the remainder when 77366 is divided by 11051?
9
Calculate the remainder when 118981036 is divided by 4328.
4316
What is the remainder when 2664997 is divided by 4700?
97
What is the remainder when 9810 is divided by 6827?
2983
Calculate the remainder when 109776237 is divided by 4830.
4827
What is the remainder when 1864172 is divided by 332?
324
What is the remainder when 76517264 is divided by 789?
44
Calculate the remainder when 9511886 is divided by 261.
2
What is the remainder when 141795 is divided by 70?
45
What is the remainder when 1724192 is divided by 63856?
80
What is the remainder when 368833 is divided by 92204?
17
Calculate the remainder when 14001 is divided by 1439.
1050
Calculate the remainder when 43427376 is divided by 12.
0
What is the remainder when 42704 is divided by 6043?
403
Calculate the remainder when 328503 is divided by 82107.
75
Calculate the remainder when 120367 is divided by 85.
7
Calculate the remainder when 446316 is divided by 10867.
769
Calculate the remainder when 787623 is divided by 2469.
12
What is the remainder when 12208407 is divided by 824?
23
Calculate the remainder when 1293767 is divided by 124.
75
What is the remainder when 43064 is divided by 14140?
644
What is the remainder when 108160 is divided by 107414?
746
Calculate the remainder when 5728274 is divided by 456.
2
What is the remainder when 309040 is divided by 6438?
16
What is the remainder when 181437 is divided by 567?
564
Calculate the remainder when 123565 is divided by 10227.
841
What is the remainder when 64798 is divided by 17850?
11248
Calculate the remainder when 50294566 is divided by 7184936.
14
Calculate the remainder when 1123567 is divided by 620.
127
What is the remainder when 681008 is divided by 147?
104
Calculate the remainder when 30140049 is divided by 23751.
30
Calculate the remainder when 4005775 is divided by 4.
3
What is the remainder when 3779276 is divided by 472394?
124
What is the remainder when 45061 is divided by 596?
361
Calculate the remainder when 895682 is divided by 17909.
232
Calculate the remainder when 981621 is divided by 2183.
1454
What is the remainder when 60236399 is divided by 21?
20
What is the remainder when 701569 is divided by 111?
49
What is the remainder when 597393 is divided by 298613?
167
Calculate the remainder when 901814 is divided by 1482.
758
What is the remainder when 16906795 is divided by 252340?
15
What is the remainder when 56106506 is divided by 856?
842
Calculate the remainder when 2805069 is divided by 935018.
15
What is the remainder when 789958 is divided by 98729?
126
Calculate the remainder when 313650141 is divided by 1847.
1836
What is the remainder when 365413 is divided by 2499?
559
Calculate the remainder when 827958 is divided by 520.
118
Calculate the remainder when 531136876 is divided by 16.
12
What is the remainder when 237845 is divided by 39?
23
What is the remainder when 30852081 is divided by 135316?
33
Calculate the remainder when 558906 is divided by 1879.
843
Calcu